late the greatest common factor of 522 and 1646214.
174
What is the highest common factor of 890 and 145070?
890
What is the greatest common divisor of 25201 and 99?
11
Calculate the highest common divisor of 1368 and 9459.
9
What is the greatest common factor of 78 and 124618?
26
What is the greatest common divisor of 36 and 16?
4
Calculate the highest common divisor of 2176 and 28.
4
Calculate the highest common divisor of 28980 and 653940.
1260
What is the greatest common factor of 22828 and 156?
52
What is the highest common divisor of 5173398 and 291?
291
Calculate the highest common factor of 64506 and 228.
6
Calculate the greatest common factor of 3223 and 66.
11
Calculate the greatest common factor of 476 and 294.
14
What is the highest common divisor of 1374349 and 2007?
223
What is the highest common divisor of 33045 and 210?
15
Calculate the greatest common factor of 45637 and 188.
47
What is the highest common divisor of 272876 and 4?
4
Calculate the greatest common divisor of 211 and 2920451.
211
What is the highest common factor of 37 and 252451?
37
What is the highest common factor of 1390 and 6470?
10
Calculate the highest common divisor of 40572 and 552.
276
What is the highest common factor of 20404 and 324?
4
Calculate the highest common divisor of 189 and 39879.
189
What is the highest common divisor of 414 and 39447?
9
Calculate the highest common divisor of 6 and 771315.
3
What is the greatest common factor of 3233410 and 40?
10
What is the greatest common factor of 1126564 and 2?
2
What is the highest common factor of 110 and 32570?
10
What is the highest common factor of 9647 and 143?
11
Calculate the highest common factor of 13830 and 30.
30
Calculate the highest common factor of 19744 and 96.
32
What is the greatest common divisor of 621660 and 144?
12
Calculate the highest common factor of 2237076 and 24.
12
What is the greatest common divisor of 35 and 375452?
7
What is the greatest common divisor of 127782 and 9486?
558
Calculate the highest common divisor of 284032 and 42.
14
Calculate the greatest common factor of 14868 and 3363.
177
What is the highest common divisor of 58152 and 24?
24
Calculate the greatest common factor of 56 and 31052.
28
What is the greatest common divisor of 10509 and 150567?
93
What is the greatest common factor of 1152 and 9824?
32
Calculate the greatest common factor of 275 and 11.
11
What is the greatest common factor of 20 and 388620?
20
Calculate the greatest common divisor of 63 and 140769.
9
Calculate the greatest common factor of 1157 and 63991.
89
Calculate the greatest common factor of 46 and 213877.
23
What is the greatest common factor of 200375 and 70?
35
Calculate the greatest common divisor of 726 and 24.
6
Calculate the greatest common divisor of 650 and 34346.
26
What is the highest common factor of 23281 and 217?
31
What is the greatest common factor of 1416 and 104?
8
What is the highest common factor of 1284 and 84?
12
Calculate the highest common divisor of 8427040 and 310.
310
Calculate the highest common divisor of 49 and 3073.
7
What is the highest common factor of 40900 and 940?
20
What is the greatest common divisor of 2448 and 3519?
153
Calculate the highest common factor of 3103 and 109707.
29
What is the highest common factor of 550878 and 3?
3
What is the greatest common divisor of 3674 and 1169?
167
Calculate the greatest common divisor of 403641 and 336.
21
Calculate the greatest common factor of 160 and 13077920.
160
Calculate the highest common divisor of 234 and 479232.
234
Calculate the greatest common factor of 66110 and 330.
110
What is the greatest common divisor of 572790 and 244?
122
What is the greatest common divisor of 769445 and 5?
5
Calculate the greatest common divisor of 1331292 and 2052.
228
Calculate the highest common factor of 4642 and 4246.
22
Calculate the greatest common factor of 61948 and 884.
68
Calculate the highest common divisor of 3 and 30483.
3
What is the greatest common factor of 2250600 and 930?
930
What is the greatest common divisor of 6453731 and 23?
23
Calculate the greatest common divisor of 182189 and 1666.
119
Calculate the highest common factor of 4844 and 602.
14
What is the greatest common divisor of 1358604 and 1404?
468
What is the highest common divisor of 6422 and 1691950?
494
What is the greatest common divisor of 793 and 24557?
13
What is the greatest common divisor of 27915 and 825?
15
Calculate the greatest common factor of 1092 and 144242.
14
What is the greatest common factor of 67 and 82343?
67
Calculate the greatest common factor of 16 and 110804.
4
Calculate the highest common divisor of 3726 and 234.
18
What is the greatest common divisor of 49254 and 18?
6
Calculate the highest common factor of 1956 and 27.
3
Calculate the greatest common factor of 22992 and 372.
12
Calculate the highest common divisor of 243670 and 11151.
413
What is the greatest common divisor of 1335 and 684232?
89
Calculate the highest common divisor of 88 and 74206.
22
Calculate the highest common divisor of 52643 and 305.
61
What is the highest common divisor of 483 and 15594?
69
Calculate the greatest common factor of 175808 and 256.
64
Calculate the highest common divisor of 4239 and 1783677.
471
What is the highest common divisor of 95195 and 395?
395
What is the highest common factor of 1402 and 3041639?
701
Calculate the greatest common factor of 1491 and 50907.
213
What is the highest common divisor of 296 and 87838?
74
Calculate the highest common factor of 230 and 184299.
23
What is the highest common factor of 40610 and 775?
155
What is the highest common factor of 10880 and 7344?
272
Calculate the greatest common divisor of 175878 and 54.
54
Calculate the highest common factor of 5130 and 36.
18
Calculate the greatest common divisor of 510 and 111360.
30
Calculate the greatest common divisor of 61332 and 1140.
228
Calculate the greatest common factor of 32208 and 528.
528
What is the greatest common factor of 3737 and 74?
37
Calculate the highest common divisor of 224831 and 5.
1
Calculate the greatest common factor of 5192 and 4664.
88
Calculate the highest common divisor of 2700 and 6900.
300
What is the greatest common factor of 2058 and 475818?
42
Calculate the greatest common factor of 686 and 119021.
343
Calculate the greatest common factor of 14013 and 810.
81
What is the greatest common divisor of 1752 and 19056?
24
What is the greatest common divisor of 3745 and 5077471?
749
Calculate the greatest common divisor of 104884 and 13.
13
What is the highest common factor of 2061650 and 70?
10
What is the highest common factor of 21200 and 159?
53
What is the highest common divisor of 207615 and 795?
15
What is the greatest common factor of 1967 and 224800?
281
What is the greatest common factor of 13588 and 9480?
316
Calculate the highest common divisor of 6 and 13684.
2
Calculate the greatest common divisor of 14805 and 16560.
45
What is the highest common factor of 161 and 214222?
23
What is the highest common factor of 129132 and 612?
612
Calculate the highest common divisor of 16492 and 700.
28
What is the highest common divisor of 18103 and 13588?
43
What is the greatest common factor of 1 and 25541?
1
What is the greatest common factor of 267632 and 14004?
1556
What is the highest common divisor of 68 and 1107839?
17
What is the greatest common divisor of 174 and 28320?
6
What is the highest common divisor of 22 and 407902?
22
Calculate the highest common factor of 18 and 16602.
6
Calculate the greatest common factor of 3255 and 7980.
105
What is the highest common divisor of 1956 and 822335?
163
Calculate the highest common factor of 826 and 31978.
118
Calculate the greatest common factor of 49 and 103439.
49
What is the highest common divisor of 2111978 and 34?
34
Calculate the greatest common factor of 440478 and 162.
162
Calculate the greatest common factor of 1631 and 56609.
7
Calculate the highest common factor of 17 and 300900.
17
What is the greatest common factor of 5038 and 3190?
22
What is the highest common divisor of 127986 and 996?
498
What is the highest common factor of 56 and 472?
8
What is the highest common divisor of 6976 and 72?
8
What is the highest common factor of 77767 and 1007